x(h) = 1128*h + 8209. What is x(-7)?
313
Let a(i) = -3*i**2 + 47263*i - 188984. Give a(4).
20
Let w(b) = -318*b**2 + 85*b - 182. Calculate w(2).
-1284
Let m(j) = 154*j**2 + 665*j + 231. Calculate m(-4).
35
Let h(m) = 6*m**2 + 5187*m + 15495. Determine h(-3).
-12
Let x(i) = -i**2 + 178*i + 21304. Give x(-82).
-16
Let z(n) = -2*n**3 + 245*n**2 + 27208*n + 903. What is z(193)?
-62
Let m(l) = 9*l**3 + 104*l**2 - 31*l + 147. Calculate m(-12).
-57
Let c(p) = p**3 - 409*p**2 - 412*p + 856. Calculate c(410).
36
Let u(l) = -2*l**3 + 91*l**2 - 757*l - 871. Determine u(34).
-21
Let j(h) = h**2 + 446*h - 2648. What is j(6)?
64
Let u(v) = -2*v**2 - 621*v + 14947. What is u(23)?
-394
Let a(o) = 27*o**2 - 263*o + 168. Calculate a(10).
238
Let a(u) = -4*u**2 - 962*u - 27731. Give a(-207).
7
Let c(h) = -91*h + 2354. What is c(25)?
79
Let h(y) = 70842*y - 920943. What is h(13)?
3
Let o(i) = -9074*i + 244999. What is o(27)?
1
Let o(t) = 254064*t - 1270304. Give o(5).
16
Let z(d) = -27319*d - 191219. What is z(-7)?
14
Let a(v) = 489*v**3 - 52*v**2 - 48*v + 100. What is a(1)?
489
Let c(i) = i**3 + 23*i**2 + 44*i + 331. Give c(-16).
1419
Let r(y) = -5014*y - 105600. Determine r(-21).
-306
Let h(l) = 599*l + 15493. Determine h(-25).
518
Let x(p) = -18*p**3 - 324*p**2 + 3*p + 51. Give x(-18).
-3
Let i(j) = -716272*j - 2865083. Calculate i(-4).
5
Let x(o) = -4491*o - 202099. Give x(-45).
-4
Let y(b) = b**3 + 14*b**2 + 4*b + 156. Calculate y(-8).
508
Let u(j) = -558641*j - 1117294. What is u(-2)?
-12
Let n(d) = -d**3 + 47*d**2 - 559*d + 57. Give n(25).
-168
Let s(t) = -6812*t - 88549. Give s(-13).
7
Let s(f) = f**3 + 387*f**2 - 16609*f + 2135. What is s(-426)?
5
Let h(f) = -84*f**2 - 1137*f + 571. What is h(-14)?
25
Let x(b) = 4*b**3 - 89*b**2 + 26*b - 2211. Determine x(23).
-26
Let j(b) = 26*b - 6439. Determine j(244).
-95
Let d(l) = -3*l**2 + 309*l - 7826. What is d(58)?
4
Let v(m) = 582*m + 6984. Give v(-14).
-1164
Let l(t) = 7*t**2 - 145*t - 1153. What is l(-7)?
205
Let m(o) = 153*o**2 - 2610*o - 2608. What is m(-1)?
155
Let s(g) = 86*g**3 - 259*g**2 + 11*g - 32. Determine s(3).
-8
Let j(v) = -1470*v + 10471. Give j(7).
181
Let o(y) = 51373*y - 719074. Calculate o(14).
148
Let g(d) = -d**3 + 2*d**2 + 2826*d + 908. What is g(-52)?
-28
Let q(l) = 4090*l + 224952. Give q(-55).
2
Let v(f) = -f**3 - 214*f**2 + 1307*f - 2851. Calculate v(-220).
9
Let g(m) = m**3 + 183*m**2 - 14*m - 1924. Calculate g(-183).
638
Let c(a) = 13*a**2 + 1021*a + 2511. Give c(-76).
3
Let q(o) = -1497*o + 12333. Give q(9).
-1140
Let k(n) = 6*n**2 - 20817*n - 146016. Calculate k(-7).
-3
Let g(c) = -2*c**3 + 21*c**2 + 79*c - 501. Determine g(13).
-319
Let f(v) = -2*v**3 + 83*v**2 + 1395*v - 104. Determine f(-13).
182
Let f(q) = -551*q + 77141. What is f(140)?
1
Let a(c) = 2*c**3 + 31*c**2 - 93*c + 1729. Calculate a(-20).
-11
Let c(o) = -22*o**2 - 5688*o + 2579. What is c(-259)?
-11
Let h(s) = s**3 + s**2 - 1896*s + 19491. Calculate h(11).
87
Let d(f) = 2*f**3 + 372*f**2 - 748*f + 703. Calculate d(-188).
-49
Let h(p) = -2*p**3 + 244*p**2 + 1657*p + 91820. Calculate h(131).
-11
Let j(k) = k**3 - 40*k**2 + 31*k - 2894. Give j(41).
58
Let p(w) = -2501*w - 125263. Determine p(-50).
-213
Let f(h) = -1760228*h - 3520451. Determine f(-2).
5
Let b(i) = -3*i**3 + 13*i**2 + 124*i - 653. Give b(5).
-83
Let g(t) = 5*t**2 + 1705*t + 112140. Calculate g(-252).
0
Let t(k) = 103*k**3 - 40*k**2 - 109*k + 27. Calculate t(-3).
-2787
Let w(h) = -1709*h + 114903. Determine w(67).
400
Let y(n) = -3490*n + 52147. Determine y(15).
-203
Let j(n) = -358413*n - 716827. Calculate j(-2).
-1
Let w(g) = g**3 - 6*g**2 + 5*g + 62. Calculate w(11).
722
Let u(h) = -12*h**2 - 408*h - 3888. Calculate u(-18).
-432
Let q(k) = 4*k**2 - 244412*k - 244413. Give q(-1).
3
Let l(w) = -550*w + 159608. Calculate l(290).
108
Let h(x) = -x**2 + 6447*x + 2579849. Give h(-378).
-1
Let l(h) = -h**3 - 59*h**2 - 5337. Calculate l(0).
-5337
Let h(s) = s**3 - 8*s**2 + 258*s - 722. Calculate h(3).
7
Let d(z) = -3*z**3 + 3*z**2 + 4*z - 2127. Determine d(0).
-2127
Let a(v) = -2*v**2 + 246719*v - 1726947. Give a(7).
-12
Let r(m) = 9*m**2 - 3965*m - 25920. Give r(447).
6
Let y(p) = -19*p**3 + 69*p**2 + 158*p + 47. Give y(-2).
159
Let g(r) = -3*r**2 + 356*r - 4216. Determine g(107).
-471
Let w(u) = 2*u**2 + 1497*u + 112791. Determine w(-85).
-4
Let q(s) = -72*s**2 - 8422*s + 259. Calculate q(-117).
25
Let r(p) = -p**3 + 227*p**2 + 4149*p - 316. Give r(244).
-72
Let c(r) = 2*r**2 + 1084*r - 267160. Give c(-726).
8
Let r(q) = -q**3 + 125*q**2 - 258*q + 1700. Calculate r(123).
224
Let k(p) = -15*p**3 + 90*p**2 - 221*p + 1317. Determine k(6).
-9
Let a(j) = 62506*j + 562577. Determine a(-9).
23
Let a(g) = 324*g - 7833. Calculate a(25).
267
Let o(p) = 12*p**2 - 8072*p - 2698. Calculate o(673).
-6
Let j(g) = 363*g + 3150. Determine j(-6).
972
Let d(l) = -6*l**3 + 29*l**2 - 37*l + 216. Give d(6).
-258
Let i(j) = -96660*j - 2513163. What is i(-26)?
-3
Let g(b) = -631*b + 27561. Give g(44).
-203
Let b(s) = -412*s - 173. Calculate b(-5).
1887
Let k(v) = -985*v + 15562. Calculate k(20).
-4138
Let x(q) = -q**3 + 37*q**2 - 207*q + 272. Determine x(7).
293
Let h(x) = 2*x**2 - 3833*x + 60982. Calculate h(16).
166
Let k(q) = q**3 - 27*q**2 - 1249*q + 34533. What is k(29)?
-6
Let x(d) = 93*d**2 + 579*d - 513. Give x(-7).
-9
Let z(w) = -4375*w - 26418. Determine z(-6).
-168
Let d(w) = -4618*w + 23970. Determine d(5).
880
Let l(j) = 31*j + 1193. What is l(-35)?
108
Let q(h) = -79310*h - 6344806. Calculate q(-80).
-6
Let s(q) = 24*q**2 + 1178*q + 11779. What is s(-14)?
-9
Let u(z) = -2*z**2 + 5290*z - 3132496. What is u(895)?
4
Let u(j) = 12571*j - 206. What is u(0)?
-206
Let d(s) = -118*s - 374. Calculate d(-28).
2930
Let p(v) = 42*v**3 + 2*v**2 - 189*v - 580. Give p(-3).
-1129
Let t(k) = -260600*k + 3648401. Give t(14).
1
Let s(k) = -74044*k - 370254. Give s(-5).
-34
Let h(c) = 2526049*c - 25260490. Give h(10).
0
Let j(b) = 3775*b + 60580. Determine j(-16).
180
Let g(r) = -18*r**2 - 6466*r - 699. What is g(-359)?
737
Let r(t) = -2*t**2 + 4824*t - 186166. Give r(39).
-1072
Let u(y) = 16985*y + 16960. Give u(-1).
-25
Let y(u) = -389*u + 11292. Give y(29).
11
Let i(m) = -2840*m + 19905. Give i(7).
25
Let i(l) = 3*l**3 - 146*l**2 - 19*l - 1382. Give i(49).
88
Let i(d) = 2*d**2 - 1468*d - 50471. What is i(-33)?
151
Let z(t) = -14*t**2 - 826*t - 8516. Calculate z(-10).
-1656
Let h(i) = -710*i - 115052. Give h(-162).
-32
Let t(o) = 7*o**3 - 25*o**2 - 210*o - 1. What is t(-4)?
-9
Let z(p) = -p**3 + 31*p**2 - 25*p + 1970. Calculate z(32).
146
Let b(f) = -11624*f + 441660. Give b(38).
-52
Let c(t) = -4*t**2 + 299*t - 3562. Calculate c(12).
-550
Let x(f) = 3867*f - 665129. What is x(172)?
-5
Let x(m) = -959*m + 1195864. Give x(1247).
-9
Let g(q) = -41*q - 1385. Give g(-33).
-32
Let g(c) = 332*c - 19396. Give g(60).
524
Let u(b) = -416*b + 10548. Give u(23).
980
Let o(t) = -2696*t - 8349. Give o(-4).
2435
Let i(j) = -4*j**3 + 53*j**2 + 1353*j + 1686. Give i(-12).
-6
Let k(m) = 4*m**2 - 1507*m + 29870. What is k(21)?
-13
Let t(k) = 406*k + 5959. Determine t(-12).
1087
Let i(u) = 309755*u + 6504860. Calculate i(-21).
5
Let u(v) = -86*v + 1935. What is u(33)?
-903
Let i(v) = -555*v**2 + 15*v - 53. Determine i(1).
-593
Let m(q) = -192*q**2 - 44723*q + 3119. What is m(-233)?
90
Let r(v) = 2*v**2 - 110375*v + 662192. Calculate r(6).
14
Let c(v) = 3*v**2 - 122*v + 278. Calculate c(-18).
3446
Let l(a) = -2*a**3 + 255*a**2 - 116*a - 1377. Give l(127).
20
Let l(i) = -i**3 - 8*i**2 - 410*i - 3923. Determine l(-10).
377
Let i(l) = 4*l**3 + 58*l**2 + 33*l - 61. Give i(-14).
-131
Let q(x) = 7*x**3 + 1517*x**2 + 2586*x + 1050. What is q(-215)?
-240
Let m(v) = -294*v - 935. Give m(-7).
1123
Let u(f) = -6697*f + 1446552. Give u(216).
0
Let v(n) = n**2 - 14456*n + 303139. What is v(21)?
4
Let n(p) = -2*p**3 + 303*p**2 - 9265*p - 102. Calculate n(109).
-102
Let z(q) = -6*q**2 - 560*q - 12264. Determine z(-35).
-14
Let x(i) = -i**3 - 71*i**2 + 273*i - 2176. What is x(-75)?
-151
Let h(v) = 18*v**2 + 29961*v - 59935. Determine h(2).
59
Let h(m) = 6*m**2 + 306*m + 3790. Determine h(-25).
-110
Let a(n) = -14*n**2 + 250*n + 5663. Give a(-13).
47
Let p(q) = -4*q**2 + 319*q + 3962. Determine p(-11).
-31
Let d(h